{"id":513,"date":"2014-07-07T22:59:29","date_gmt":"2014-07-07T22:59:29","guid":{"rendered":"http:\/\/cesardi.com.br\/cantandoideias\/?page_id=513"},"modified":"2022-04-29T14:10:53","modified_gmt":"2022-04-29T14:10:53","slug":"videos","status":"publish","type":"page","link":"https:\/\/cesardi.com.br\/cantandoideias\/videos\/","title":{"rendered":"V\u00eddeos"},"content":{"rendered":"<p>&nbsp;<\/p>\n<p><b>Obs: C\u00e9sar Di teve seus canais(com milh\u00f5es de acessos)\u00a0Hackeados\u00a0e deletados, Veja seu Novo Canal no Youtube:\u00a0<\/b><b><a href=\"https:\/\/www.youtube.com\/channel\/UCl6uYcSIsGYP8Aa6iIt1Pnw\/featured\" target=\"_blank\" rel=\"noopener\" data-saferedirecturl=\"https:\/\/www.google.com\/url?q=https:\/\/www.youtube.com\/channel\/UCl6uYcSIsGYP8Aa6iIt1Pnw\/featured&amp;source=gmail&amp;ust=1549715468696000&amp;usg=AFQjCNHus5p6KRwlH97vy782vU0UTE7h1g\">CLIQUE AQUI&#8230;<\/a>\u00a0 E\u00a0<\/b>Assista todos os v\u00eddeos de shows, clipes e entrevistas&#8230;<\/p>\n<p>&nbsp;<\/p>\n<p>&nbsp;<\/p>\n<p>&nbsp;<\/p>\n<h1>C\u00e9sar Di &#8211; Um grande artista brasileiro<\/h1>\n<div><span style=\"font-family: comic sans ms, sans-serif; font-size: large;\"><b>V\u00eddeo Release 21 anos de Estrada c\/ shows, apresenta\u00e7\u00f5es Brasil afora e em R\u00e1dios e TVs. <\/b>Assista no V\u00eddeo abaixo:\u00a0<\/span><\/div>\n<p><iframe loading=\"lazy\" title=\"C\u00e9sar Di - Um Poeta, Um Show, Uma Luz Musical\" width=\"640\" height=\"360\" src=\"https:\/\/www.youtube.com\/embed\/4wldBrOoWXA?feature=oembed\" frameborder=\"0\" allow=\"accelerometer; autoplay; clipboard-write; encrypted-media; gyroscope; picture-in-picture; web-share\" referrerpolicy=\"strict-origin-when-cross-origin\" allowfullscreen><\/iframe><\/p>\n<p>&nbsp;<\/p>\n<div><\/div>\n<div><\/div>\n<h1>Clipe Quem \u00e9 Voc\u00ea?<\/h1>\n<p><iframe loading=\"lazy\" title=\"Quem \u00e9 Voc\u00ea? - C\u00e9sar Di (Clipe Oficial)\" width=\"640\" height=\"360\" src=\"https:\/\/www.youtube.com\/embed\/SJ-zcof9pUs?feature=oembed\" frameborder=\"0\" allow=\"accelerometer; autoplay; clipboard-write; encrypted-media; gyroscope; picture-in-picture; web-share\" referrerpolicy=\"strict-origin-when-cross-origin\" allowfullscreen><\/iframe><\/p>\n<h1><\/h1>\n<p>&nbsp;<\/p>\n<h1>Apresenta\u00e7\u00f5es em shows:<\/h1>\n<p><strong>&#8211; Show no SESC Pesidente Prudente.\u00a0<\/strong><\/p>\n<p><iframe loading=\"lazy\" title=\"SHOW C\u00e9sar Di - SESC Presidente Prudente (Divisa de SP c\/ Mato Grosso do Sul)\" width=\"640\" height=\"360\" src=\"https:\/\/www.youtube.com\/embed\/8uFYAR3XVGQ?start=10&#038;feature=oembed\" frameborder=\"0\" allow=\"accelerometer; autoplay; clipboard-write; encrypted-media; gyroscope; picture-in-picture; web-share\" referrerpolicy=\"strict-origin-when-cross-origin\" allowfullscreen><\/iframe><\/p>\n<div>\n<div><\/div>\n<div><strong>&#8211; Show na Pra\u00e7a da S\u00e9 em S\u00e3o Paulo.\u00a0<\/strong><\/div>\n<p><iframe loading=\"lazy\" src=\"https:\/\/www.youtube.com\/embed\/00vHXtDKLf4\" width=\"560\" height=\"315\" frameborder=\"0\" allowfullscreen=\"allowfullscreen\" data-mce-fragment=\"1\"><\/iframe><\/p>\n<div><\/div>\n<div><strong>&#8211; Show HIST\u00d3RICO na Virada Cultural S\u00e3o Paulo.\u00a0\u00a0<\/strong><\/div>\n<p><iframe loading=\"lazy\" src=\"https:\/\/www.youtube.com\/embed\/cUElqVxz3Fs\" width=\"560\" height=\"315\" frameborder=\"0\" allowfullscreen=\"allowfullscreen\" data-mce-fragment=\"1\"><\/iframe><\/p>\n<p>&nbsp;<\/p>\n<p><strong>&#8211; Show na Cidade de Pocrane\/MG<\/strong><\/p>\n<p><iframe loading=\"lazy\" title=\"Show em Pocrane \/ MG - C\u00e9sar Di no Gin\u00e1sio Poliesportivo - #Raridade9\" width=\"640\" height=\"360\" src=\"https:\/\/www.youtube.com\/embed\/SojrADv1tvo?feature=oembed\" frameborder=\"0\" allow=\"accelerometer; autoplay; clipboard-write; encrypted-media; gyroscope; picture-in-picture; web-share\" referrerpolicy=\"strict-origin-when-cross-origin\" allowfullscreen><\/iframe><\/p>\n<p>&nbsp;<\/p>\n<p><strong>&#8211;\u00a0Show para jovens estudantes\u00a0<\/strong><\/p>\n<p><iframe loading=\"lazy\" title=\"Show C\u00e9sar Di - Cantando Ideias, Despertando Consci\u00eancias... (Despertar nas Escolas).\" width=\"640\" height=\"360\" src=\"https:\/\/www.youtube.com\/embed\/xHOdSSTglaI?start=27&#038;feature=oembed\" frameborder=\"0\" allow=\"accelerometer; autoplay; clipboard-write; encrypted-media; gyroscope; picture-in-picture; web-share\" referrerpolicy=\"strict-origin-when-cross-origin\" allowfullscreen><\/iframe><\/p>\n<p>&nbsp;<\/p>\n<p><strong>&#8211; Show para Crian\u00e7as em col\u00e9gio\u00a0\u00a0<\/strong><\/p>\n<\/div>\n<p><iframe loading=\"lazy\" title=\"C\u00e9sar Di - Show em Campo Limpo - Projeto Cantando Ideias, Despertando Consci\u00eancias...\" width=\"640\" height=\"360\" src=\"https:\/\/www.youtube.com\/embed\/weZc5nVZ6NU?start=44&#038;feature=oembed\" frameborder=\"0\" allow=\"accelerometer; autoplay; clipboard-write; encrypted-media; gyroscope; picture-in-picture; web-share\" referrerpolicy=\"strict-origin-when-cross-origin\" allowfullscreen><\/iframe><\/p>\n<p>&nbsp;<\/p>\n<p>&nbsp;<\/p>\n<p>&nbsp;<\/p>\n<p>&nbsp;<\/p>\n<p>&nbsp;<\/p>\n<p>&nbsp;<\/p>\n<h1>Apresenta\u00e7\u00f5es em R\u00e1dios e TVs.<\/h1>\n<div>\n<p><strong>&#8211; Rede Vida com S\u00edlvio Brito e Trio Virgulino.<\/strong><\/p>\n<p><iframe loading=\"lazy\" title=\"C\u00e9sar Di - Rede Vida - S\u00edlvio Brito em Fam\u00edlia(Completo)\" width=\"640\" height=\"360\" src=\"https:\/\/www.youtube.com\/embed\/afsS-3y9O4A?feature=oembed\" frameborder=\"0\" allow=\"accelerometer; autoplay; clipboard-write; encrypted-media; gyroscope; picture-in-picture; web-share\" referrerpolicy=\"strict-origin-when-cross-origin\" allowfullscreen><\/iframe><\/p>\n<p>&nbsp;<\/p>\n<p><strong> &#8211; R\u00e1dio USP FM.\u00a0<\/strong><\/p>\n<p><iframe loading=\"lazy\" title=\"C\u00e9sar Di na R\u00e1dio USP FM - Programa Sons do Brasil c\/ Serginho Sagitta\" width=\"640\" height=\"360\" src=\"https:\/\/www.youtube.com\/embed\/TKwoYgqYpIg?start=1873&#038;feature=oembed\" frameborder=\"0\" allow=\"accelerometer; autoplay; clipboard-write; encrypted-media; gyroscope; picture-in-picture; web-share\" referrerpolicy=\"strict-origin-when-cross-origin\" allowfullscreen><\/iframe><\/p>\n<p>&nbsp;<\/p>\n<p><strong>\u00a0&#8211; TV Record.\u00a0<\/strong><\/p>\n<p><iframe loading=\"lazy\" title=\"C\u00e9sar Di TOURN\u00ca Minas Gerais\" width=\"640\" height=\"360\" src=\"https:\/\/www.youtube.com\/embed\/XmmfGObUAiw?start=55&#038;feature=oembed\" frameborder=\"0\" allow=\"accelerometer; autoplay; clipboard-write; encrypted-media; gyroscope; picture-in-picture; web-share\" referrerpolicy=\"strict-origin-when-cross-origin\" allowfullscreen><\/iframe><\/p>\n<p>&nbsp;<\/p>\n<p><strong>&#8211;\u00a0R\u00e1dio Nativa FM com Mano V\u00e9io.\u00a0<\/strong><\/p>\n<p><iframe loading=\"lazy\" title=\"C\u00e9sar Di - Entrevista R\u00e1dio Nativa FM \/ Mano Veio e Mano Novo\" width=\"640\" height=\"360\" src=\"https:\/\/www.youtube.com\/embed\/Hj1avA0vDIk?start=6&#038;feature=oembed\" frameborder=\"0\" allow=\"accelerometer; autoplay; clipboard-write; encrypted-media; gyroscope; picture-in-picture; web-share\" referrerpolicy=\"strict-origin-when-cross-origin\" allowfullscreen><\/iframe><\/p>\n<p>&nbsp;<\/p>\n<p><strong>&#8211; R\u00e1dio Transam\u00e9rica (Santa Catarina).\u00a0\u00a0<\/strong><\/p>\n<p><iframe loading=\"lazy\" title=\"C\u00e9sar Di - Entrevista R\u00e1dio Transam\u00e9rica (Tijucas\/SC) c\/ locutor Rafa\" width=\"640\" height=\"360\" src=\"https:\/\/www.youtube.com\/embed\/kP7d7C2b24U?start=8&#038;feature=oembed\" frameborder=\"0\" allow=\"accelerometer; autoplay; clipboard-write; encrypted-media; gyroscope; picture-in-picture; web-share\" referrerpolicy=\"strict-origin-when-cross-origin\" allowfullscreen><\/iframe><\/p>\n<p>&nbsp;<\/p>\n<p><strong>&#8211; C\u00e9sar Di para R\u00e1dio do Jap\u00e3o.<\/strong><br \/>\n<iframe loading=\"lazy\" src=\"https:\/\/www.youtube.com\/embed\/zWI8qi-VN5M\" width=\"560\" height=\"315\" frameborder=\"0\" allowfullscreen=\"allowfullscreen\" data-mce-fragment=\"1\"><\/iframe><\/p>\n<p>&nbsp;<\/p>\n<div><strong>Poesia &#8211; O Amor C\u00f3smico Universal<\/strong><\/div>\n<\/div>\n<p><iframe loading=\"lazy\" title=\"C\u00e9sar Di - Poesia &quot;O Amor C\u00f3smico Universal&quot;\" width=\"640\" height=\"360\" src=\"https:\/\/www.youtube.com\/embed\/pF3uvvnIB-w?feature=oembed\" frameborder=\"0\" allow=\"accelerometer; autoplay; clipboard-write; encrypted-media; gyroscope; picture-in-picture; web-share\" referrerpolicy=\"strict-origin-when-cross-origin\" allowfullscreen><\/iframe><\/p>\n<p>&nbsp;<\/p>\n<p>Assista todos os v\u00eddeos de shows, clipes e entrevistas do C\u00e9sar Di em seu canal no youtube: <a href=\"https:\/\/www.youtube.com\/c\/C\u00e9sarDiartista?sub_confirmation=1\" target=\"_blank\" rel=\"noopener\"><strong>CLIQUE AQUI<\/strong><\/a><\/p>\n","protected":false},"excerpt":{"rendered":"<p>&nbsp; Obs: C\u00e9sar Di teve seus canais(com milh\u00f5es de acessos)\u00a0Hackeados\u00a0e deletados, Veja seu Novo Canal no Youtube:\u00a0CLIQUE AQUI&#8230;\u00a0 E\u00a0Assista todos os v\u00eddeos de shows, clipes e entrevistas&#8230; &nbsp; &nbsp; &nbsp; C\u00e9sar Di &#8211; Um grande artista brasileiro V\u00eddeo Release 21 anos de Estrada c\/ shows, apresenta\u00e7\u00f5es Brasil afora e em R\u00e1dios e TVs. Assista no [&hellip;]<\/p>\n","protected":false},"author":1,"featured_media":0,"parent":0,"menu_order":7,"comment_status":"open","ping_status":"open","template":"","meta":{"footnotes":""},"class_list":["post-513","page","type-page","status-publish","hentry"],"_links":{"self":[{"href":"https:\/\/cesardi.com.br\/cantandoideias\/wp-json\/wp\/v2\/pages\/513","targetHints":{"allow":["GET"]}}],"collection":[{"href":"https:\/\/cesardi.com.br\/cantandoideias\/wp-json\/wp\/v2\/pages"}],"about":[{"href":"https:\/\/cesardi.com.br\/cantandoideias\/wp-json\/wp\/v2\/types\/page"}],"author":[{"embeddable":true,"href":"https:\/\/cesardi.com.br\/cantandoideias\/wp-json\/wp\/v2\/users\/1"}],"replies":[{"embeddable":true,"href":"https:\/\/cesardi.com.br\/cantandoideias\/wp-json\/wp\/v2\/comments?post=513"}],"version-history":[{"count":19,"href":"https:\/\/cesardi.com.br\/cantandoideias\/wp-json\/wp\/v2\/pages\/513\/revisions"}],"predecessor-version":[{"id":1124,"href":"https:\/\/cesardi.com.br\/cantandoideias\/wp-json\/wp\/v2\/pages\/513\/revisions\/1124"}],"wp:attachment":[{"href":"https:\/\/cesardi.com.br\/cantandoideias\/wp-json\/wp\/v2\/media?parent=513"}],"curies":[{"name":"wp","href":"https:\/\/api.w.org\/{rel}","templated":true}]}}