{"id":631,"date":"2017-11-13T14:05:03","date_gmt":"2017-11-13T14:05:03","guid":{"rendered":"http:\/\/www.cesardi.com.br\/cantandoideias\/?page_id=631"},"modified":"2024-05-05T22:20:20","modified_gmt":"2024-05-05T22:20:20","slug":"escola-emei-mexicano-campo-limposp","status":"publish","type":"page","link":"https:\/\/cesardi.com.br\/cantandoideias\/edicoes-realizadas\/escola-emei-mexicano-campo-limposp\/","title":{"rendered":"Escola EMEI Mexicano, Campo Limpo\/SP"},"content":{"rendered":"<p>&nbsp;<\/p>\n<h1>5\u00aa Edi\u00e7\u00e3o Especial Cantando Ideias&#8230;<\/h1>\n<p>Aconteceu no dia 25\/10\/2017 uma apresenta\u00e7\u00e3o do C\u00e9sar Di numa Escola p\u00fablica de S\u00e3o Paulo&#8230; Seria apenas mais um show se n\u00e3o fosse o encerramento de <strong>MAIS UMA EDI\u00c7\u00c3O <\/strong>\u00a0de um Projeto mais do que especial, o Projeto <strong>&#8220;Cantando Ideias, Despertando Consci\u00eancias&#8221;<\/strong>, que o Poeta C\u00e9sar Di vem realizando em muitas escolas p\u00fablicas do Brasil. Algo realmente grandioso ocorreu, o que levou o m\u00fasico mineiro \u00e0 dizer para as crian\u00e7as que\u00a0 o receberam de uma forma t\u00e3o amorosa: &#8220;Se eu tivesse que vir \u00e0 este planeta s\u00f3 para viver este \u00fanico momento com voc\u00eas j\u00e1 valeria a pena, muit\u00edssimo obrigado&#8221;. <strong>CONFIRA AQUI NESTE NOSSO SITE OFICIAL DESTE PROJETO, TUDO SOBRE COMO FUNCIONA E VEJA TODAS AS EDI\u00c7\u00d5ES J\u00c1 REALIZADAS.<\/strong><\/p>\n<p>veja no v\u00eddeo abaixo, como foi o Show do C\u00e9sar nesta Edi\u00e7\u00e3o realizada em Campo Limpo\/SP:<\/p>\n<p><iframe loading=\"lazy\" title=\"C\u00e9sar Di - Show em Campo Limpo - Projeto Cantando Ideias, Despertando Consci\u00eancias...\" width=\"640\" height=\"360\" src=\"https:\/\/www.youtube.com\/embed\/weZc5nVZ6NU?feature=oembed\" frameborder=\"0\" allow=\"accelerometer; autoplay; clipboard-write; encrypted-media; gyroscope; picture-in-picture; web-share\" referrerpolicy=\"strict-origin-when-cross-origin\" allowfullscreen><\/iframe><\/p>\n<p>&nbsp;<\/p>\n<p>&nbsp;<\/p>\n<h1>O Projeto na M\u00eddia<\/h1>\n<p><a href=\"https:\/\/cesardi.com.br\/cantandoideias\/sobre-o-projeto\/o-projeto-na-midia\/\" target=\"_blank\" rel=\"noopener\"><strong>CLIQUE AQUI <\/strong><\/a>e Confira v\u00e1rias vezes em que o Projeto &#8220;Cantando Ideias, Despertando Consci\u00eancias&#8221; Esteve em v\u00e1rios ve\u00edculos de M\u00eddia.<\/p>\n<p>&nbsp;<\/p>\n<p>&nbsp;<\/p>\n<p>Esta Quinta Edi\u00e7\u00e3o do Projeto &#8220;Cantando Ideias, Despertando Consci\u00eancias&#8221; foi realizada na Escola EMEI Rubens Nascimento da Silva Mexicano, Campo Limpo\/SP.<\/p>\n<p>OBRIGADO PROFESSORA ELENI, aos alunos e seus pais, \u00e0 Coordenadora M\u00e1rcia, \u00e0 toda Dire\u00e7\u00e3o da Escola e funcion\u00e1rios em geral. Obrigado de todo o Cora\u00e7\u00e3o. GRATID\u00c3O PROFUNDA&#8230;<\/p>\n<p>Obrigado \u00e0 M\u00e1rcia Ramos e Andressa Cristina pelo apoio e Produ\u00e7\u00e3o.<\/p>\n<p><a href=\"http:\/\/cesardi.com.br\/wp-content\/uploads\/2017\/11\/20171025_135310.jpg\"><img loading=\"lazy\" decoding=\"async\" class=\"alignnone wp-image-7878 size-full\" src=\"http:\/\/cesardi.com.br\/wp-content\/uploads\/2017\/11\/20171025_135310.jpg\" alt=\"C\u00e9sar Di\" width=\"2670\" height=\"1963\" \/><\/a><\/p>\n<p>&nbsp;<\/p>\n<p>&nbsp;<\/p>\n<p>&nbsp;<\/p>\n<h2>Relat\u00f3rio da Professora Eleni sobre o Projeto:<\/h2>\n<p><strong>ARTES,VIV\u00caNCIAS E DESPERTAR ATRAV\u00c9S DA M\u00daSICA NA EDUCA\u00c7\u00c3O INFANTIL.<\/strong><br \/>\n<a href=\"http:\/\/cesardi.com.br\/wp-content\/uploads\/2017\/11\/IMG-20171018-WA0020.jpg\"><img loading=\"lazy\" decoding=\"async\" class=\"alignright wp-image-7927 \" src=\"http:\/\/cesardi.com.br\/wp-content\/uploads\/2017\/11\/IMG-20171018-WA0020-300x169.jpg\" alt=\"\" width=\"465\" height=\"262\" \/><\/a>ANO: 2017<br \/>\nDURA\u00c7\u00c3O: Um m\u00eas<br \/>\nCONTE\u00daDO:<br \/>\n*M\u00fasica;<br \/>\n*Express\u00f5es art\u00edsticas;<br \/>\n*Forma\u00e7\u00e3o humana;<br \/>\n*Trabalho de leitura e montagem de texto a partir da m\u00fasica a ser trabalhada;<\/p>\n<p>OBJETIVO:<br \/>\n*Familiarizar-se com o universo musical;<br \/>\n*trabalhar a linguagem oral, aten\u00e7\u00e3o e criatividade;<br \/>\n*trabalhar ritmos, movimentos, gestos, express\u00f5es corporais e faciais;<br \/>\n*trabalhar as emo\u00e7\u00f5es, sentimentos e o despertar do potencial interno;<br \/>\n*trabalhar o respeito ao pr\u00f3ximo e a amizade;<\/p>\n<p>RECURSOS:<a href=\"http:\/\/cesardi.com.br\/wp-content\/uploads\/2017\/11\/IMG-20171027-WA0002.jpg\"><img loading=\"lazy\" decoding=\"async\" class=\"alignright wp-image-7938\" src=\"http:\/\/cesardi.com.br\/wp-content\/uploads\/2017\/11\/IMG-20171027-WA0002-169x300.jpg\" alt=\"C\u00e9sar Di\" width=\"372\" height=\"660\" \/><\/a><br \/>\n*Cartazes, CDS, espelhos, livros, fantasias, cartolina, letra da m\u00fasica a ser trabalhada digitada, fotos;<\/p>\n<p>DESENVOLVIMENTO:<br \/>\n*Conversa informal sobre o projeto a ser desenvolvido e apresenta\u00e7\u00e3o do Cantor C\u00c9SAR DI;<br \/>\n*Hist\u00f3ria e trajet\u00f3ria da vida do cantor C\u00c9SAR DI;<br \/>\n*M\u00daSICAS: \u201cO medo Paralisa\u201d, \u201cAngel\u201d, e \u201cO viajante\u201d;<br \/>\n*Cartazes com a vida e obra do cantor ;<br \/>\n*Hist\u00f3ria: \u201cChapeuzinho Amarelo\u201d, reconto feito pelas crian\u00e7as e analogia com a letra da m\u00fasica: O medo paralisa;<br \/>\n* Uso de fantasias de super her\u00f3is e super hero\u00ednas para representar o potencial humano;<br \/>\n*Letra da m\u00fasica digitada;<br \/>\n*Roda de conversa;<br \/>\n*Vivencias;<br \/>\n*Vivencias feito em frente ao espelhos;<br \/>\n*Fotografias de todo o percurso do projeto;<\/p>\n<p>AVALIA\u00c7\u00c3O:<br \/>\nAvalia\u00e7\u00e3o continua, individual e coletiva do processo de ensino e aprendizagem. Avalia\u00e7\u00e3o da capacidade de comunica\u00e7\u00e3o, rea\u00e7\u00f5es em cada atividade e diante das situa\u00e7\u00f5es e dos desafios propostos. Intera\u00e7\u00e3o individual de cada um com os colegas e com o grupo.<\/p>\n<p>&nbsp;<\/p>\n<p>&nbsp;<\/p>\n<p>&nbsp;<\/p>\n<p>&nbsp;<\/p>\n<h1>Etapas do Projeto<\/h1>\n<p><strong>PRIMEIRA ETAPA:<\/strong><br \/>\n<a href=\"http:\/\/cesardi.com.br\/wp-content\/uploads\/2017\/11\/IMG-20171027-WA0007.jpg\"><img loading=\"lazy\" decoding=\"async\" class=\"alignright wp-image-7960 \" src=\"http:\/\/cesardi.com.br\/wp-content\/uploads\/2017\/11\/IMG-20171027-WA0007-300x169.jpg\" alt=\"C\u00e9sar Di\" width=\"431\" height=\"243\" \/><\/a>Falei sobre o cantor Cesar Di e apresentei um cartaz com a hist\u00f3ria e trajet\u00f3ria do mesmo. Em seguida apresentei o CD contendo suas musicas para que ouvissem e apreciassem. Neste primeiro momento deixei livre, para que pudessem vivenciar, ritmos, movimentos, gestos e express\u00f5es corporais e faciais.<br \/>\nATIVIDADE 1<br \/>\nDepois de apresentar a m\u00fasica para a turma ouvir, dan\u00e7ar e apreciar, apresentei a letra da m\u00fasica \u201cO medo paralisa\u201d, para fazer a leitura coletiva e pontuada. Em seguida recortei os versos da m\u00fasica em fitas e espalhei no ch\u00e3o e juntamente, com a turma reconstru\u00edmos novamente o cartaz, atrav\u00e9s das dicas e comandas das iniciais das palavras, visto que eles reconhecem as letras do alfabeto.<br \/>\nATIVIDADE 2<br \/>\nRealizamos brincadeira de est\u00e1tua exercitando as express\u00f5es faciais: como medo, raiva, dor, surpresa, susto, felicidade, tristeza. Conversamos sobre esses sentimentos. Conversei informalmente sobre a letra da m\u00fasica e relacionei este sentimento de medo que nos faz paralisar e impedir de realizarmos nossos desejos e sonhos. fotografei esta express\u00e3o facial.<\/p>\n<p>&nbsp;<\/p>\n<p><strong>SEGUNDA ETAPA:<\/strong><br \/>\nATIVIDADE 3<br \/>\n<a href=\"http:\/\/cesardi.com.br\/wp-content\/uploads\/2017\/11\/IMG-20171031-WA0062.jpg\"><img loading=\"lazy\" decoding=\"async\" class=\"alignright wp-image-7945 \" src=\"http:\/\/cesardi.com.br\/wp-content\/uploads\/2017\/11\/IMG-20171031-WA0062-300x169.jpg\" alt=\"C\u00e9sar Di\" width=\"452\" height=\"255\" \/><\/a>Li para a\u00a0sala a hist\u00f3ria do \u201cCHAPEUZINHO AMARELO\u201d, de Chico Buarque e os estimulei a fazer uma analogia com a letra da m\u00fasica: \u201cO medo paralisa.\u201d<br \/>\nATIVIDADE 4<br \/>\nPropus para cada um da sala a se olhar no espelho e observar como s\u00e3o lindos, fortes, perfeitos, diferentes dos demais, mas mesmo assim deveriam sentir como s\u00e3o especiais. Estimulei a sentirem a si mesmo e perceberem todo o potencial que cada um possui. Em seguida cada um deveria falar a seguinte frase: Eu sou lindo. Eu me amo. No inicio da atividade , propus para que viessem at\u00e9 mim me dessem um abra\u00e7o de cora\u00e7\u00e3o para cora\u00e7\u00e3o e finalizava a atividade escolhendo um amigo dando tamb\u00e9m um abra\u00e7o de cora\u00e7\u00e3o para cora\u00e7\u00e3o e assim este amigo que recebeu este abra\u00e7o seguia realizando a atividade do espelho sucessivamente at\u00e9 todos realizarem a atividade.<\/p>\n<p>&nbsp;<\/p>\n<p><strong>TERCEIRA ETAPA:<\/strong><br \/>\nATIVIDADE 5<br \/>\n<a href=\"http:\/\/cesardi.com.br\/wp-content\/uploads\/2017\/11\/IMG-20171031-WA0060.jpg\"><img loading=\"lazy\" decoding=\"async\" class=\"alignright wp-image-7961 \" src=\"http:\/\/cesardi.com.br\/wp-content\/uploads\/2017\/11\/IMG-20171031-WA0060-300x169.jpg\" alt=\"C\u00e9sar Di\" width=\"467\" height=\"263\" \/><\/a>Roda de conversa: quando eliminamos nossos medos podemos amar. Ent\u00e3o seguimos para a pr\u00f3xima atividade, em circulo sentados no tapete de EVA cada um fez massagem no amigo da frente, massageando, o ombro, o rosto, a cabe\u00e7a e costas . Exercitando assim, a capacidade de fazer algo de bom para o outro.<\/p>\n<p>ATIVIDADE 6<br \/>\nFiz o dia da fantasia de super her\u00f3i e super hero\u00edna. E estimulei a fazerem a seguinte reflex\u00e3o: Quando n\u00e3o temos medo, nos sentimos o her\u00f3i da nossa pr\u00f3pria hist\u00f3ria e podemos ajudar as pessoas e o mundo a nossa volta a serem melhores. E em circulo sentados no tapete de EVA cada um relatou uma hist\u00f3ria a qual se sentiu um super her\u00f3i ou hero\u00edna.<\/p>\n<p>&nbsp;<\/p>\n<p><strong>FINALIZA\u00c7\u00c3O DO PROJETO :<\/strong><\/p>\n<p><a href=\"http:\/\/cesardi.com.br\/wp-content\/uploads\/2017\/11\/20171025_114316.jpg\"><img loading=\"lazy\" decoding=\"async\" class=\"alignright wp-image-7964 \" src=\"http:\/\/cesardi.com.br\/wp-content\/uploads\/2017\/11\/20171025_114316-300x150.jpg\" alt=\"C\u00e9sar Di\" width=\"468\" height=\"234\" \/><\/a><\/p>\n<p>Foi agendado com o cantor Cesar Di o dia que ele poderia vir na escola,\u00a0 neste dia todos vieram fantasiados de super her\u00f3is. Fizemos um circulo de cadeiras onde as crian\u00e7as juntamente com o cantor, a professora, a diretora e a coordenadora participaram de uma vivencia onde cada um relatou um fato, uma hist\u00f3ria a qual se sentiram um super her\u00f3i. Em seguida\u00a0\u00a0 o cantor Cesar Di cantou junto com os alunos as m\u00fasicas trabalhadas na sala, depois \u00a0\u00a0reunimos no p\u00e1tio da escola onde todos\u00a0 puderam cantar e participar das musicas cantadas pelo cantor. Finalizamos o projeto com as crian\u00e7as fazendo perguntas e elogios para o cantor.<\/p>\n<p>&nbsp;<\/p>\n<p><strong>REFLEX\u00c3O FINAL DO PROJETO:<\/strong><\/p>\n<p>Ap\u00f3s a vinda do cantor, no outro dia fiz a retomada com a sala e estimulei a fazer uma an\u00e1lise de como eles eram no come\u00e7o do ano e como eles est\u00e3o agora . Alguns deles se colocaram, deixei bem livre. falava s\u00f3 quem queria.<\/p>\n<p>&nbsp;<\/p>\n<p><strong>FALA DAS CRIAN\u00c7AS:<\/strong><br \/>\nEDUARDO: &#8211; Tinha vergonha de conversar, tinha algumas atividades que eu n\u00e3o conseguia fazer e agora eu fa\u00e7o. <a href=\"http:\/\/cesardi.com.br\/wp-content\/uploads\/2017\/11\/20171025_135324.jpg\"><img loading=\"lazy\" decoding=\"async\" class=\"alignright wp-image-7965 \" src=\"http:\/\/cesardi.com.br\/wp-content\/uploads\/2017\/11\/20171025_135324-300x263.jpg\" alt=\"C\u00e9sar Di\" width=\"446\" height=\"391\" \/><\/a> Obs.: A din\u00e2mica de se olhar no espelho no primeiro momento, ele n\u00e3o conseguiu realizar. S\u00f3 realizou ap\u00f3s muita conversa e estimulo da professora.<\/p>\n<p>Kamila: Resgatei com ela a inseguran\u00e7a do inicio do ano, pois sempre chegava chorando tinha medo de ficar sem a m\u00e3e e conseguiu relatar que hoje venceu este medo.<\/p>\n<p>Eduardo: no momento em que est\u00e1vamos ouvindo a m\u00fasica \u201cAngel\u201d ele comentou: -Professora, acho que nesta m\u00fasica tem guitarra e bateria! Eu respondi: Acho que sim, quando o Cesar vir aqui nos vamos perguntar a ele! E no dia nos perguntamos e o Cesar confirmou que realmente nesta m\u00fasica tinha sim o som de guitarra e bateria e o Eduardo ficou muito feliz!<\/p>\n<p>Natiely: O grupo disse que a Natiely esta mais solta e comunicativa. Obs.: A Natiely se emocionou ao ouvir a m\u00fasica \u201cAngel\u201d, chegando a chorar n\u00e3o sabia explicar porque estava chorando! Ganhou um abra\u00e7o da professora e tudo ficou bem.<\/p>\n<p>Miguel: _ Professora, eu n\u00e3o brigo mais com meus amigos e tamb\u00e9m n\u00e3o fa\u00e7o mais bico quando as coisas n\u00e3o d\u00e3o certo!<\/p>\n<p>Murilo: Fizemos uma an\u00e1lise dentro do grupo e pudemos ajudar o Murilo a perceber que ele esta mais centrado e j\u00e1 consegue esperar a vez de falar.<\/p>\n<p>Gustavo: &#8211; no come\u00e7o do ano eu batia nos colegas porque tinha medo deles me baterem, mas agora estou feliz e n\u00e3o bato mais, porque sei que eles s\u00e3o meus amigos.<\/p>\n<p>&nbsp;<\/p>\n<p><strong>FLEXIBILIZA\u00c7\u00c3O:<\/strong><br \/>\nFoi dispensado muita aten\u00e7\u00e3o para a aluna Elisa, que tem autismo leve, a superar as dificuldades de se olhar no espelho e a verbalizar as frases propostas para ser ditas.<br \/>\nEnfim a sala toda, disse que gostou da presen\u00e7a do Cesar Di, na escola e que tamb\u00e9m gostaram muito dele e de suas musicas! Foi uma experi\u00eancia e vivencia maravilhosa!<\/p>\n<p>&nbsp;<\/p>\n<p>&nbsp;<\/p>\n<p>&nbsp;<\/p>\n<p><strong>PARECER DOS PAIS SOBRE O PROJETO<\/strong><br \/>\n<a href=\"http:\/\/cesardi.com.br\/wp-content\/uploads\/2017\/11\/IMG-20171027-WA0048.jpg\"><img loading=\"lazy\" decoding=\"async\" class=\"alignright wp-image-7966\" src=\"http:\/\/cesardi.com.br\/wp-content\/uploads\/2017\/11\/IMG-20171027-WA0048-300x225.jpg\" alt=\"C\u00e9sar Di\" width=\"423\" height=\"317\" \/><\/a>No dia seguinte, ao t\u00e9rmino do projeto, foi realizado a reuni\u00e3o de pais para falar sobre o trabalho desenvolvido e o rendimento individual de cada aluno. Os pais foram un\u00e2nimes ao falarem que as crian\u00e7as comentaram muito em casa tudo que foi trabalhado em sala. Falaram da expectativa das crian\u00e7as sobre a vinda do cantor Cesar Di, das fantasias que usaram e as m\u00fasicas que as mesmas decoram e cantaram em casa para os pais ouvirem. Comentaram sobre o desenvolvimento e a aprendizagem de seus filhos. Coloquei a m\u00fasica na sala de reuni\u00e3o para os pais ouvirem e apreciarem. No final da reuni\u00e3o, disseram que estavam muito felizes, com o meu trabalho, elogiaram o projeto desenvolvido e que gostaram muito das m\u00fasicas trabalhadas.<\/p>\n<p>&nbsp;<\/p>\n<p>&nbsp;<\/p>\n<p>&nbsp;<\/p>\n<h1>Veja outras Edi\u00e7\u00f5es Realizadas<\/h1>\n<p>Escola S\u00f4nia Maria, Jardim Jacira, Itapecerica da Serra\/SP. Veja V\u00cdDEO ABAIXO ou <a href=\"https:\/\/cesardi.com.br\/cantandoideias\/edicoes-realizadas\/escola-sonia-maria\/\" target=\"_blank\" rel=\"noopener\"><strong>CLIQUE AQUI<\/strong><\/a> para ver <strong><a href=\"https:\/\/cesardi.com.br\/cantandoideias\/edicoes-realizadas\/escola-sonia-maria\/\" target=\"_blank\" rel=\"noopener\">MAT\u00c9RIA COMPLETA<\/a><\/strong><\/p>\n<p><iframe loading=\"lazy\" title=\"C\u00e9sar Di - Show em Itapecerica \/S\u00e3o Paulo (O Prisma do Teu Olhar)\" width=\"640\" height=\"360\" src=\"https:\/\/www.youtube.com\/embed\/Ia6Pswxh4A4?start=14&#038;feature=oembed\" frameborder=\"0\" allow=\"accelerometer; autoplay; clipboard-write; encrypted-media; gyroscope; picture-in-picture; web-share\" referrerpolicy=\"strict-origin-when-cross-origin\" allowfullscreen><\/iframe><\/p>\n<p>&nbsp;<\/p>\n<p>&nbsp;<\/p>\n<p>Na Cidade de Pocrane &#8211; Minas Gerais. Na Escola Anita Garibaldi. <a href=\"https:\/\/cesardi.com.br\/cantandoideias\/edicoes-realizadas\/edicao-em-mg\/\" target=\"_blank\" rel=\"noopener\"><strong>CLIQUE AQUI<\/strong><\/a> para ver <strong><a href=\"https:\/\/cesardi.com.br\/cantandoideias\/edicoes-realizadas\/edicao-em-mg\/\" target=\"_blank\" rel=\"noopener\">MAT\u00c9RIA COMPLETA<\/a><\/strong><\/p>\n<p><a href=\"https:\/\/cesardi.com.br\/cantandoideias\/wp-content\/uploads\/2024\/05\/s5030534.jpg\"><img loading=\"lazy\" decoding=\"async\" class=\"wp-image-1147 size-full\" src=\"https:\/\/cesardi.com.br\/cantandoideias\/wp-content\/uploads\/2024\/05\/s5030534.jpg\" alt=\"\" width=\"800\" height=\"524\" srcset=\"https:\/\/cesardi.com.br\/cantandoideias\/wp-content\/uploads\/2024\/05\/s5030534.jpg 800w, https:\/\/cesardi.com.br\/cantandoideias\/wp-content\/uploads\/2024\/05\/s5030534-300x197.jpg 300w, https:\/\/cesardi.com.br\/cantandoideias\/wp-content\/uploads\/2024\/05\/s5030534-768x503.jpg 768w\" sizes=\"auto, (max-width: 800px) 100vw, 800px\" \/><\/a><\/p>\n<p>&nbsp;<\/p>\n<p>&nbsp;<\/p>\n<p>Na Escola Nat\u00e9rcia Cremm, Bairro Crispim, Itapecerica da Serra\/SP. Veja V\u00cdDEO ABAIXO ou <a href=\"https:\/\/cesardi.com.br\/cantandoideias\/edicoes-realizadas\/escola-natercia-cremm\/\" target=\"_blank\" rel=\"noopener\"><strong>CLIQUE AQUI<\/strong><\/a> para ver <strong><a href=\"https:\/\/cesardi.com.br\/cantandoideias\/edicoes-realizadas\/escola-natercia-cremm\/\" target=\"_blank\" rel=\"noopener\">MAT\u00c9RIA COMPLETA<\/a><\/strong><\/p>\n<p><iframe loading=\"lazy\" title=\"C\u00e9sar Di - Show na Faculdade de Itapecerica da Serra\/SP.\" width=\"640\" height=\"360\" src=\"https:\/\/www.youtube.com\/embed\/iHNK6ZtSCzk?feature=oembed\" frameborder=\"0\" allow=\"accelerometer; autoplay; clipboard-write; encrypted-media; gyroscope; picture-in-picture; web-share\" referrerpolicy=\"strict-origin-when-cross-origin\" allowfullscreen><\/iframe><\/p>\n<p>&nbsp;<\/p>\n<p>&nbsp;<\/p>\n<p>Na Escola J\u00falia de Castro Carneiro, Jardim Santa J\u00falia, Itapecerica da Serra\/SP. Veja V\u00cdDEO ABAIXO ou <a href=\"https:\/\/cesardi.com.br\/cantandoideias\/edicoes-realizadas\/escola-julia-de-castro\/\" target=\"_blank\" rel=\"noopener\"><strong>CLIQUE AQUI<\/strong><\/a> para ver <strong><a href=\"https:\/\/cesardi.com.br\/cantandoideias\/edicoes-realizadas\/escola-julia-de-castro\/\" target=\"_blank\" rel=\"noopener\">MAT\u00c9RIA COMPLETA<\/a><\/strong><\/p>\n<p><iframe loading=\"lazy\" title=\"#Raridade8 - Show C\u00e9sar Di - A Chapa j\u00e1 t\u00e1 quente e Reflex\u00f5es(Raridades, Fatos Hist\u00f3ricos)\" width=\"640\" height=\"360\" src=\"https:\/\/www.youtube.com\/embed\/vEY1Go0iZB0?feature=oembed\" frameborder=\"0\" allow=\"accelerometer; autoplay; clipboard-write; encrypted-media; gyroscope; picture-in-picture; web-share\" referrerpolicy=\"strict-origin-when-cross-origin\" allowfullscreen><\/iframe><\/p>\n<p>&nbsp;<\/p>\n<p>&nbsp;<\/p>\n<p>&nbsp;<\/p>\n<p>&nbsp;<\/p>\n<h1>Voc\u00ea est\u00e1 no Site Oficial do Projeto<\/h1>\n<p>Aqui voc\u00ea pode Obter todas as informa\u00e7\u00f5es, como \u00e9 o Projeto, Como \u00e9 feita a organiza\u00e7\u00e3o, O contato com o Artista, A Implanta\u00e7\u00e3o na Escola, A execu\u00e7\u00e3o dentro da Sala de aula, O Show de Encerramento Presencial com o C\u00e9sar Di. <strong>Fique a vontade pr\u00e1 ver tudo e estamos a sua disposi\u00e7\u00e3o para todo e quaisquer esclarecimento.<\/strong><\/p>\n<p>&nbsp;<\/p>\n<p>&nbsp;<\/p>\n<p>&nbsp;<\/p>\n<p>&nbsp;<\/p>\n<p><strong>VEJA NO V\u00cdDEO ABAIXO UM POUCO + SOBRE C\u00c9SAR DI:<\/strong><\/p>\n<p><iframe loading=\"lazy\" title=\"FORROCK-MPB (RAUL SEIXAS E LUIZ GONZAGA), C\u00e9sar Di Novo Show\" width=\"640\" height=\"360\" src=\"https:\/\/www.youtube.com\/embed\/ylOpcsuC9t0?start=340&#038;feature=oembed\" frameborder=\"0\" allow=\"accelerometer; autoplay; clipboard-write; encrypted-media; gyroscope; picture-in-picture; web-share\" referrerpolicy=\"strict-origin-when-cross-origin\" allowfullscreen><\/iframe><\/p>\n","protected":false},"excerpt":{"rendered":"<p>&nbsp; 5\u00aa Edi\u00e7\u00e3o Especial Cantando Ideias&#8230; Aconteceu no dia 25\/10\/2017 uma apresenta\u00e7\u00e3o do C\u00e9sar Di numa Escola p\u00fablica de S\u00e3o Paulo&#8230; Seria apenas mais um show se n\u00e3o fosse o encerramento de MAIS UMA EDI\u00c7\u00c3O \u00a0de um Projeto mais do que especial, o Projeto &#8220;Cantando Ideias, Despertando Consci\u00eancias&#8221;, que o Poeta C\u00e9sar Di vem realizando [&hellip;]<\/p>\n","protected":false},"author":1,"featured_media":0,"parent":461,"menu_order":0,"comment_status":"closed","ping_status":"closed","template":"","meta":{"footnotes":""},"class_list":["post-631","page","type-page","status-publish","hentry"],"_links":{"self":[{"href":"https:\/\/cesardi.com.br\/cantandoideias\/wp-json\/wp\/v2\/pages\/631","targetHints":{"allow":["GET"]}}],"collection":[{"href":"https:\/\/cesardi.com.br\/cantandoideias\/wp-json\/wp\/v2\/pages"}],"about":[{"href":"https:\/\/cesardi.com.br\/cantandoideias\/wp-json\/wp\/v2\/types\/page"}],"author":[{"embeddable":true,"href":"https:\/\/cesardi.com.br\/cantandoideias\/wp-json\/wp\/v2\/users\/1"}],"replies":[{"embeddable":true,"href":"https:\/\/cesardi.com.br\/cantandoideias\/wp-json\/wp\/v2\/comments?post=631"}],"version-history":[{"count":21,"href":"https:\/\/cesardi.com.br\/cantandoideias\/wp-json\/wp\/v2\/pages\/631\/revisions"}],"predecessor-version":[{"id":1153,"href":"https:\/\/cesardi.com.br\/cantandoideias\/wp-json\/wp\/v2\/pages\/631\/revisions\/1153"}],"up":[{"embeddable":true,"href":"https:\/\/cesardi.com.br\/cantandoideias\/wp-json\/wp\/v2\/pages\/461"}],"wp:attachment":[{"href":"https:\/\/cesardi.com.br\/cantandoideias\/wp-json\/wp\/v2\/media?parent=631"}],"curies":[{"name":"wp","href":"https:\/\/api.w.org\/{rel}","templated":true}]}}